{"id":2353,"date":"2018-01-08T23:58:33","date_gmt":"2018-01-08T22:58:33","guid":{"rendered":"http:\/\/lauracastaldini.it\/?page_id=2353"},"modified":"2018-02-08T12:25:45","modified_gmt":"2018-02-08T11:25:45","slug":"i-miei-articoli","status":"publish","type":"page","link":"https:\/\/www.lauracastaldini.it\/?page_id=2353","title":{"rendered":"Articoli sulla violenza, la difesa personale, lo stalking &#8230;"},"content":{"rendered":"<div id=\"immagine_singola.immagine\"><img loading=\"lazy\" decoding=\"async\" class=\"alignnone size-medium wp-image-2596\" src=\"http:\/\/lauracastaldini.it\/wp-content\/uploads\/2018\/02\/contro_la_violenza_sulle_donne.jpg\" alt=\"contro_la_violenza_sulle_donne\" width=\"1140\" height=\"600\" srcset=\"https:\/\/www.lauracastaldini.it\/wp-content\/uploads\/2018\/02\/contro_la_violenza_sulle_donne.jpg 1140w, https:\/\/www.lauracastaldini.it\/wp-content\/uploads\/2018\/02\/contro_la_violenza_sulle_donne-300x158.jpg 300w, https:\/\/www.lauracastaldini.it\/wp-content\/uploads\/2018\/02\/contro_la_violenza_sulle_donne-768x404.jpg 768w, https:\/\/www.lauracastaldini.it\/wp-content\/uploads\/2018\/02\/contro_la_violenza_sulle_donne-1024x539.jpg 1024w\" sizes=\"auto, (max-width: 1140px) 100vw, 1140px\" \/><\/div>\n<div class=\"intro\">\n<h3>Elementi di psicologia applicata all&#8217;autodifesa: le tipologie di aggressioni.<\/h3>\n<p class=\"articoli\">\nIn una situazione di pericolo, la cosa pi\u00f9 difficile \u00e8 valutare l&#8217;entit\u00e0 del pericolo stesso, e quindi scegliere il modo pi\u00f9 opportuno per fronteggiarlo. Sar\u00e0 utile classificare i vari tipi di situazioni a rischio, identificando per ciascuna &#8230; <span id=\"leggere\"><b><a href=\"http:\/\/lauracastaldini.it\/wp-content\/uploads\/2018\/02\/Tipologie_di_aggressioni.pdf\">continua a leggere<\/a><\/b><\/span> &#8230;<\/p>\n<p>&nbsp;<\/p>\n<h3>Il controllo della paura nelle situazioni di pericolo.<\/h3>\n<p class=\"articoli\">\nDefiniamo bene il concetto di paura, ovvero una reazione fisiologica che ci protegge da ci\u00f2 che non conosciamo, ma pu\u00f2 divenire un nemico pericoloso, se ci colpisce senza un motivo concreto. La si deve conoscere per battere, non solo le paure reali, ma anche le fobie che vivono &#8230; <span id=\"leggere\"><b><a href=\"http:\/\/lauracastaldini.it\/wp-content\/uploads\/2018\/02\/Il_controllo_della_paura_in-situazioni_di_pericolo.pdf\">continua a leggere<\/a><\/b><\/span> &#8230;<\/p>\n<p>&nbsp;<\/p>\n<h3>Violenza domestica: elementi di psicologia applicata all&#8217;autodifesa.<\/h3>\n<p class=\"articoli\" >\nCon il termine violenza domestica intendiamo tutta una serie di violenze di diversi tipi, che coinvolgono non solo la sfera sessuale ma anche quella psicologica, fisica ed economica, esercitate all\u2019interno della famiglia. In particolare ci si riferisce alla violenza del partner &#8230; <span id=\"leggere\"><b><a href=\"http:\/\/lauracastaldini.it\/wp-content\/uploads\/2018\/02\/Violenza_domestica.pdf\">continua a leggere<\/a><\/b><\/span> &#8230;<\/p>\n<p>&nbsp;<\/p>\n<h3>Le emozioni come principale \u201carma\u201d per la difesa personale.<\/h3>\n<p class=\"articoli\" >\nIl nostro sistema giuridico garantisce ad ognuno il diritto alla legittima difesa, che \u00e8 considerata una \u201cdiscriminante\u201d. Il che vuol dire che persino un omicidio pu\u00f2 essere lecito se commesso per proteggere la propria vita. Ma la legittima difesa &#8230; <span id=\"leggere\"><b><a href=\"http:\/\/lauracastaldini.it\/wp-content\/uploads\/2018\/02\/Le_emozioni_arma_per_la_difesa_personale.pdf\">continua a leggere<\/a><\/b><\/span> &#8230;<\/p>\n<p>&nbsp;<\/p>\n<h3>Lo Stalking<\/h3>\n<p class=\"articoli\">\nIl termine inglese &#8220;Stalking&#8221; fa parte originariamente del vocabolario della caccia e significa &#8220;appostarsi, avvicinarsi di soppiatto alla preda&#8221;. Il motivo per cui \u00e8 stato recentemente utilizzato per indicare comportamenti persecutori e molesti \u00e8 di facile intuizione: lo stalker \u00e8 a tutti gli effetti un cacciatore &#8230; <span id=\"leggere\"><b><a href=\"http:\/\/lauracastaldini.it\/wp-content\/uploads\/2018\/02\/Stalking.pdf\">continua a leggere<\/a><\/b><\/span> &#8230;<\/p>\n<p>&nbsp;<\/p>\n<h3>Il Mobbing<\/h3>\n<p class=\"articoli\">\nCon la parola Mobbing si intende una forma di terrore psicologico sul posto di lavoro, esercitata attraverso comportamenti aggressivi e vessatori ripetuti, da parte di colleghi o superiori. La vittima di queste vere e proprie persecuzioni si vede emarginata, calunniata &#8230; <span id=\"leggere\"><b><a href=\"http:\/\/lauracastaldini.it\/wp-content\/uploads\/2018\/02\/Mobbing.pdf\">continua a leggere<\/a><\/b><\/span> &#8230;<\/p>\n<p>&nbsp;<\/p>\n<\/div>\n","protected":false},"excerpt":{"rendered":"<p>Elementi di psicologia applicata all&#8217;autodifesa: le tipologie di aggressioni. In una situazione di pericolo, la cosa pi\u00f9 difficile \u00e8 valutare l&#8217;entit\u00e0 del pericolo stesso, e quindi scegliere il modo pi\u00f9 opportuno per fronteggiarlo. Sar\u00e0 utile classificare i vari tipi di &hellip; <a href=\"https:\/\/www.lauracastaldini.it\/?page_id=2353\">Continued<\/a><\/p>\n","protected":false},"author":1,"featured_media":0,"parent":0,"menu_order":0,"comment_status":"closed","ping_status":"closed","template":"page-fullwidth.php","meta":{"footnotes":""},"class_list":["post-2353","page","type-page","status-publish","hentry"],"_links":{"self":[{"href":"https:\/\/www.lauracastaldini.it\/index.php?rest_route=\/wp\/v2\/pages\/2353","targetHints":{"allow":["GET"]}}],"collection":[{"href":"https:\/\/www.lauracastaldini.it\/index.php?rest_route=\/wp\/v2\/pages"}],"about":[{"href":"https:\/\/www.lauracastaldini.it\/index.php?rest_route=\/wp\/v2\/types\/page"}],"author":[{"embeddable":true,"href":"https:\/\/www.lauracastaldini.it\/index.php?rest_route=\/wp\/v2\/users\/1"}],"replies":[{"embeddable":true,"href":"https:\/\/www.lauracastaldini.it\/index.php?rest_route=%2Fwp%2Fv2%2Fcomments&post=2353"}],"version-history":[{"count":43,"href":"https:\/\/www.lauracastaldini.it\/index.php?rest_route=\/wp\/v2\/pages\/2353\/revisions"}],"predecessor-version":[{"id":2673,"href":"https:\/\/www.lauracastaldini.it\/index.php?rest_route=\/wp\/v2\/pages\/2353\/revisions\/2673"}],"wp:attachment":[{"href":"https:\/\/www.lauracastaldini.it\/index.php?rest_route=%2Fwp%2Fv2%2Fmedia&parent=2353"}],"curies":[{"name":"wp","href":"https:\/\/api.w.org\/{rel}","templated":true}]}}